{"id":159,"date":"2024-02-06T08:16:00","date_gmt":"2024-02-06T07:16:00","guid":{"rendered":"https:\/\/gridnet.hu\/?page_id=159"},"modified":"2024-02-06T08:16:00","modified_gmt":"2024-02-06T07:16:00","slug":"159-2","status":"publish","type":"page","link":"https:\/\/gridnet.hu\/?page_id=159","title":{"rendered":""},"content":{"rendered":"<h1 style=\"text-align: left;\"><span style=\"font-size: 24px;\"><strong>Mi v\u00e1rhat\u00f3 a NIS2 kiberv\u00e9delmi ir\u00e1nyelv hazai <\/strong><\/span><span style=\"font-size: 24px;\"><strong>implement\u00e1ci\u00f3j\u00e1val kapcsolatosan?<\/strong><\/span><\/h1>\n<p style=\"text-align: left;\">\nA 2016-ban megjelent NIS kiberv\u00e9delmi ir\u00e1nyelv fel\u00fclvizsg\u00e1lata lez\u00e1rult \u00e9s az EU kihirdette a<br \/>\nNIS2 kiberv\u00e9delmi ir\u00e1nyelvet, amely a tag\u00e1llamoknak 2024. okt\u00f3ber 17-ig biztos\u00edt hat\u00e1rid\u0151t<br \/>\narra, hogy \u00e1t\u00fcltess\u00e9k a bennne foglalt rendelkez\u00e9seket a tag\u00e1llami jogba.<br \/>\nEnnek egyik eleme a 2023. \u00e9vi XXIII. kiberv\u00e9delmi t\u00f6rv\u00e9ny.<br \/>\nA NIS2 igaz\u00e1b\u00f3l az elm\u00falt id\u0151szak inform\u00e1ci\u00f3biztons\u00e1gi incidens trendjeinek, incidens<br \/>\nvizsg\u00e1lati eredm\u00e9nyeinek felhaszn\u00e1l\u00e1s\u00e1val k\u00e9sz\u00fclt \u00e9s inform\u00e1ci\u00f3biztons\u00e1gi, adatkezel\u00e9si \u00e9s<br \/>\nadatv\u00e9delmi oldalr\u00f3l semmi olyat nem mond, amit egy\u00e9bk\u00e9nt az adatkezel\u0151, adatgazda<br \/>\nszervezeteknek a saj\u00e1t biztons\u00e1guk \u00e9rdek\u00e9ben, saj\u00e1t magukt\u00f3l meg kellene l\u00e9pni\u00fck. Nyilv\u00e1n<br \/>\nm\u00e1s a jogi k\u00f6telez\u00e9s \u00e9s m\u00e1s a saj\u00e1t, j\u00f3l felfogott \u00e9rdekfelimer\u00e9s\u00e9b\u0151l fakad\u00f3 megfelel\u00e9s. M\u00e1s a<br \/>\nsz\u00e1nd\u00e9k, akarat \u00e9s k\u00f6lts\u00e9gviszony az \u00f6nk\u00e9ntess\u00e9g \u00e9s a k\u00f6telezetts\u00e9g k\u00f6z\u00f6tt. Azt nem<br \/>\nmondhatjuk, hogy a NIS2 nem ig\u00e9nyel majd hum\u00e1n \u00e9s p\u00e9nz\u00fcgyi er\u0151forr\u00e1st a megfelel\u00e9si \u00fatra<br \/>\nl\u00e9p\u0151 szervezetekt\u0151l.<br \/>\nA kritikus, l\u00e9tfontoss\u00e1g\u00fa infrastrukt\u00far\u00e1k \u00e9s a \u201efontos\u201d infrastrukt\u00far\u00e1k kiberv\u00e9delm\u00e9nek eur\u00f3pia<br \/>\nharmoniz\u00e1ci\u00f3ja, tekintettel az \u00fajfajta kiberv\u00e9delmi kih\u00edv\u00e1sokra, kiemelten fontos feladat \u00e9s<br \/>\nemellett ugyanilyen fontos a megfelel\u00e9s \u00e9s az ellen\u0151rz\u00e9s, esetlegesen a szankcion\u00e1l\u00e1s<br \/>\nharmoniz\u00e1l\u00e1sa is.<br \/>\nNagyon fontos \u00faj eleme a kor\u00e1bbi szab\u00e1lyoz\u00e1si ir\u00e1nyokhoz k\u00e9pest, hogy nemcsak a kritikus<br \/>\nrendszerelemek, hanem ezen szervezetek ell\u00e1t\u00e1si l\u00e1ncainak v\u00e9delm\u00e9t is el\u0151\u00edrja a rendelkez\u00e9s.<br \/>\nAz \u00faj szab\u00e1lyoz\u00e1s el\u0151seg\u00edti, hogy egyes orsz\u00e1gok kiberv\u00e9delmi szervei, k\u00fcl\u00f6n\u00f6s tekintettel a<br \/>\nc\u00e9g h\u00e1l\u00f3zatokra \u00e9s azok ell\u00e1t\u00e1si l\u00e1ncainak nemzetk\u00f6zis\u00e9g\u00e9re, egy\u00fcttm\u0171k\u00f6djenek a<br \/>\nkibert\u00e1mad\u00e1sok felder\u00edt\u00e9s\u00e9ben, illetve azt is eld\u00f6nts\u00e9k. hogy melyik orsz\u00e1g hat\u00f3s\u00e1ga legyen az<br \/>\nadott vizsg\u00e1lat vezet\u0151je, valamint, hogy melyik orsz\u00e1g b\u00edr\u00f3s\u00e1ga kapja az \u00fcgyet.<\/p>\n<p><strong>Kikre vonatkozik a NIS2?<\/strong><br \/>\nA NIS2 a kritikus, l\u00e9tfontoss\u00e1g\u00fa \u00e9s \u201efontos\u201d szektorokban tev\u00e9kenyked\u0151 k\u00f6zepes m\u00e9ret\u0171 \u00e9s<br \/>\nnagyv\u00e1llalatokra vonatkozik. Az ir\u00e1nyelvben a k\u00fcsz\u00f6b\u00e9rt\u00e9k 50 alkalmazott \u00e9s a 10 milli\u00f3 eur\u00f3t<br \/>\nmeghalad\u00f3 \u00e9ves \u00e1rbev\u00e9tel.<br \/>\nA kisl\u00e9tsz\u00e1m\u00fa c\u00e9gek sem felt\u00e9tlen\u00fcl mentes\u00fclnek, ha a tev\u00e9kenys\u00e9g\u00fck kapcs\u00e1n \u00e1gazati<br \/>\nbesorol\u00e1s al\u00e1 ker\u00fclnek, mint az adott tag\u00e1llam gazdas\u00e1gi \u00e9let\u00e9ben fontosnak tekintend\u0151 szerepet<br \/>\nbet\u00f6lt\u0151 feladatot ell\u00e1t\u00f3 t\u00e1rsas\u00e1g.<br \/>\nAz \u00e9rintett szervezetek 2 kateg\u00f3ri\u00e1ban ker\u00fclnek besorol\u00e1sra:<br \/>\n\uf0b7 kritikus, l\u00e9tfontoss\u00e1g\u00fa szervezetek:<br \/>\no Energia: villamos energia, olaj \u00e9s g\u00e1z<br \/>\no K\u00f6zleked\u00e9s: l\u00e9gi, vas\u00fati, v\u00edzi \u00e9s k\u00f6z\u00fati k\u00f6zleked\u00e9s<br \/>\no Bankszektor: hitelint\u00e9zetek<br \/>\no P\u00e9nz\u00fcgyi piaci infrastrukt\u00far\u00e1k: keresked\u00e9si helysz\u00ednek<br \/>\no Eg\u00e9szs\u00e9g\u00fcgyi \u00e1gazat: k\u00f3rh\u00e1zak, mag\u00e1nklinik\u00e1k, alapell\u00e1t\u00e1si l\u00e9tes\u00edtm\u00e9nyek.<br \/>\no Iv\u00f3v\u00edzell\u00e1t\u00e1s \u00e9s -eloszt\u00e1s<br \/>\no Digit\u00e1lis infrastrukt\u00fara: internetes cserepontok, domainn\u00e9vrendszerszolg\u00e1ltat\u00f3k,<br \/>\nfels\u0151 szint\u0171 domainn\u00e9v-nyilv\u00e1ntart\u00e1sok.<br \/>\no K\u00f6zigazgat\u00e1s: a polg\u00e1rok vagy v\u00e1llalkoz\u00e1sok sz\u00e1m\u00e1ra alapvet\u0151 szolg\u00e1ltat\u00e1sokat<br \/>\nny\u00fajt\u00f3 k\u00f6zigazgat\u00e1si szervek.<br \/>\n\uf0b7 \u201efontos\u201d szervezetek:<br \/>\no Postai \u00e9s fut\u00e1rszolg\u00e1latok<br \/>\no Hullad\u00e9kgazd\u00e1lkod\u00e1s<br \/>\no Vegyi anyagok<br \/>\no \u00c9lelmiszer-el\u0151\u00e1ll\u00edt\u00e1s, -feldolgoz\u00e1s \u00e9s -forgalmaz\u00e1s<br \/>\no Gy\u00f3gyszergy\u00e1rt\u00e1s, orvosi eszk\u00f6z\u00f6k \u00e9s egy\u00e9ni v\u00e9d\u0151eszk\u00f6z\u00f6k gy\u00e1rt\u00e1sa<br \/>\no Digit\u00e1lis szolg\u00e1ltat\u00f3k: felh\u0151alap\u00fa sz\u00e1m\u00edt\u00e1stechnikai szolg\u00e1ltat\u00e1sok, online<br \/>\npiacterek, online keres\u0151motorok, k\u00f6z\u00f6ss\u00e9gi h\u00e1l\u00f3zatok, adatk\u00f6zpontszolg\u00e1ltat\u00f3k.<br \/>\no K\u00f6zigazgat\u00e1s: a polg\u00e1roknak vagy v\u00e1llalkoz\u00e1soknak fontos szolg\u00e1ltat\u00e1sokat<br \/>\nny\u00fajt\u00f3 k\u00f6zigazgat\u00e1si szervek.<\/p>\n<p><strong>Ter\u00fcleti hat\u00e1ly:<\/strong><br \/>\nHa egy c\u00e9g t\u00f6bb tag\u00e1llamban is tevek\u00e9nys\u00e9get v\u00e9gez, az \u00f6sszes \u00e9rintett tag\u00e1llam kiberv\u00e9delmi<br \/>\nhat\u00f3s\u00e1ga jogosult elj\u00e1rni vele szemben \u00e9s az adott \u00e1llam joghat\u00f3s\u00e1ga rendelkezhet felette.<br \/>\nL\u00e9trehoznak egy eur\u00f3pai sebezhet\u0151s\u00e9gi adatb\u00e1zist, amelyben minden jelent\u0151s t\u00e1mad\u00e1st<br \/>\nregisztr\u00e1lni, jelenteni kell. A rendelkez\u00e9s a tag\u00e1llami jogban megjelen\u00edtend\u0151 jelent\u00e9si<br \/>\nk\u00f6telezetts\u00e9g el\u0151\u00edr\u00e1s\u00e1t tartalmazza. Minden tag\u00e1llami fel\u00fcgyeleti szerv 3 havonta az eur\u00f3pai<br \/>\nkiberv\u00e9delmi szervezetnek, az ENISA-nak, jelent\u00e9st k\u00fcldd az incidensekr\u0151l. Az ENISA 6<br \/>\nhavonta jelenti, majd k\u00f6zz\u00e9teszi az Uni\u00f3s incidensekr\u0151l sz\u00f3l\u00f3 jelent\u00e9s\u00e9t.<br \/>\nA rendelet megk\u00f6veteli az \u00e9rintett szervezetekt\u0151l a biztons\u00e1gi rendszerek kidolgoz\u00e1s\u00e1t,<br \/>\nl\u00e9trehoz\u00e1s\u00e1t, fenntart\u00e1s\u00e1t az inform\u00e1ci\u00f3biztons\u00e1gi incidensek megel\u0151z\u00e9s\u00e9re,<br \/>\nmegakad\u00e1lyoz\u00e1s\u00e1ra (incident response).<br \/>\nA v\u00e9delmi ir\u00e1nyelveket, szab\u00e1lyoz\u00e1sokat a t\u00e1rsas\u00e1gokn\u00e1l nem csak l\u00e9tre kell hozni, hanem<br \/>\nhat\u00e1lyba kell l\u00e9ptetni, le kell oktatni, illetve alkalmank\u00e9nt, szitu\u00e1ci\u00f3s gyakorlat keret\u00e9ben el kell<br \/>\ngyakorolni hasonl\u00f3an, mint az egy\u00e9b szab\u00e1lyoz\u00e1sok szerinti t\u0171zriad\u00f3t.<br \/>\nAz \u00e9rintett v\u00e1llalatoknak az ell\u00e1t\u00e1si l\u00e1ncukra is figyelmet kell ford\u00edtaniuk. A digit\u00e1lis ell\u00e1t\u00e1si<br \/>\nl\u00e1ncok, sz\u00e1mos a szervezetek h\u00e1l\u00f3zataihoz hozz\u00e1f\u00e9r\u00e9st biztos\u00edt\u00f3 kapcsolati pontot<br \/>\ntartalmazhatnak. Hi\u00e1ba rendelkez\u00fcnk j\u00f3l szab\u00e1lyozott \u00e9s ki\u00e9p\u00edtett bels\u0151 kiberbiztons\u00e1gi<br \/>\nrendszerrel, ha a t\u00e1mad\u00f3ink egy s\u00e9r\u00fcl\u00e9kenys\u00e9gt\u0151l hemzseg\u0151 rendszer\u0171 besz\u00e1ll\u00edt\u00f3n kereszt\u00fcl<br \/>\nmegker\u00fclhetik v\u00e9delmi vonalaink.<br \/>\nA NIS2 \u00e9rtelm\u00e9ben a hat\u00f3s\u00e1g \u00e1ltal fel\u00fcgyelt szervezet besz\u00e1ll\u00edt\u00f3i l\u00e1nc\u00e1t nem a nemzeti hat\u00f3s\u00e1g,<br \/>\nhanem maga a nemzeti hatos\u00e1g \u00e1ltal fel\u00fcgyelt szervezet fel\u00fcgyeli majd. Ez \u00fajabb er\u0151forr\u00e1s<br \/>\nig\u00e9nyt, \u00fajabb felel\u0151ss\u00e9get, \u00fajabb elj\u00e1r\u00e1srend k\u00e9sz\u00edt\u00e9st ig\u00e9nyel majd.<br \/>\nA besz\u00e1ll\u00edt\u00f3i l\u00e1nc folyamatos monitororz\u00e1sa, a felmer\u00fcl\u0151 kock\u00e1zati rangsorol\u00e1s elengedhetetlen<br \/>\nfeladata lesz az \u00e9rintett szervezeteknek.<\/p>\n","protected":false},"excerpt":{"rendered":"<p>Mi v\u00e1rhat\u00f3 a NIS2 kiberv\u00e9delmi ir\u00e1nyelv hazai implement\u00e1ci\u00f3j\u00e1val kapcsolatosan? A 2016-ban megjelent NIS kiberv\u00e9delmi ir\u00e1nyelv fel\u00fclvizsg\u00e1lata lez\u00e1rult \u00e9s az EU kihirdette a NIS2 kiberv\u00e9delmi ir\u00e1nyelvet, amely a tag\u00e1llamoknak 2024. okt\u00f3ber 17-ig biztos\u00edt hat\u00e1rid\u0151t arra, hogy \u00e1t\u00fcltess\u00e9k a bennne foglalt rendelkez\u00e9seket a tag\u00e1llami jogba. Ennek egyik eleme a 2023. \u00e9vi XXIII. kiberv\u00e9delmi t\u00f6rv\u00e9ny. A NIS2 igaz\u00e1b\u00f3l [&hellip;]<\/p>\n","protected":false},"author":1,"featured_media":0,"parent":0,"menu_order":0,"comment_status":"closed","ping_status":"closed","template":"page-templates\/page-full-width.php","meta":{"footnotes":""},"class_list":["post-159","page","type-page","status-publish","hentry"],"yoast_head":"<!-- This site is optimized with the Yoast SEO plugin v21.4 - https:\/\/yoast.com\/wordpress\/plugins\/seo\/ -->\n<title>- GRID NET Zrt. - IT<\/title>\n<meta name=\"description\" content=\"Informatikai szolg\u00e1ltat\u00e1sok \u00e9s h\u00e1l\u00f3zat\u00e9p\u00edt\u00e9s szak\u00e9rt\u0151kt\u0151l a Grid Net Zrt-n\u00e9l. Seg\u00edt\u00fcnk v\u00e1llalkoz\u00e1s\u00e1nak.\" \/>\n<meta name=\"robots\" content=\"index, follow, max-snippet:-1, max-image-preview:large, max-video-preview:-1\" \/>\n<link rel=\"canonical\" href=\"https:\/\/gridnet.hu\/?page_id=159\" \/>\n<meta property=\"og:locale\" content=\"hu_HU\" \/>\n<meta property=\"og:type\" content=\"article\" \/>\n<meta property=\"og:title\" content=\"- GRID NET Zrt. - IT\" \/>\n<meta property=\"og:description\" content=\"Informatikai szolg\u00e1ltat\u00e1sok \u00e9s h\u00e1l\u00f3zat\u00e9p\u00edt\u00e9s szak\u00e9rt\u0151kt\u0151l a Grid Net Zrt-n\u00e9l. Seg\u00edt\u00fcnk v\u00e1llalkoz\u00e1s\u00e1nak.\" \/>\n<meta property=\"og:url\" content=\"https:\/\/gridnet.hu\/?page_id=159\" \/>\n<meta property=\"og:site_name\" content=\"GRID NET Zrt. - IT\" \/>\n<meta property=\"article:publisher\" content=\"https:\/\/www.facebook.com\/profile.php?id=61551689613377\" \/>\n<meta name=\"twitter:card\" content=\"summary_large_image\" \/>\n<meta name=\"twitter:label1\" content=\"Becs\u00fclt olvas\u00e1si id\u0151\" \/>\n\t<meta name=\"twitter:data1\" content=\"4 perc\" \/>\n<script type=\"application\/ld+json\" class=\"yoast-schema-graph\">{\"@context\":\"https:\/\/schema.org\",\"@graph\":[{\"@type\":\"WebPage\",\"@id\":\"https:\/\/gridnet.hu\/?page_id=159\",\"url\":\"https:\/\/gridnet.hu\/?page_id=159\",\"name\":\"- GRID NET Zrt. - IT\",\"isPartOf\":{\"@id\":\"https:\/\/gridnet.hu\/#website\"},\"datePublished\":\"2024-02-06T07:16:00+00:00\",\"dateModified\":\"2024-02-06T07:16:00+00:00\",\"description\":\"Informatikai szolg\u00e1ltat\u00e1sok \u00e9s h\u00e1l\u00f3zat\u00e9p\u00edt\u00e9s szak\u00e9rt\u0151kt\u0151l a Grid Net Zrt-n\u00e9l. Seg\u00edt\u00fcnk v\u00e1llalkoz\u00e1s\u00e1nak.\",\"inLanguage\":\"hu\",\"potentialAction\":[{\"@type\":\"ReadAction\",\"target\":[\"https:\/\/gridnet.hu\/?page_id=159\"]}]},{\"@type\":\"WebSite\",\"@id\":\"https:\/\/gridnet.hu\/#website\",\"url\":\"https:\/\/gridnet.hu\/\",\"name\":\"GRID NET Zrt. - IT\",\"description\":\"GRID NET Zrt. Informatikai - Rendszergazdai szolg\u00e1ltat\u00e1sok!\",\"publisher\":{\"@id\":\"https:\/\/gridnet.hu\/#organization\"},\"alternateName\":\"GRID NET Zrt.\",\"potentialAction\":[{\"@type\":\"SearchAction\",\"target\":{\"@type\":\"EntryPoint\",\"urlTemplate\":\"https:\/\/gridnet.hu\/?s={search_term_string}\"},\"query-input\":\"required name=search_term_string\"}],\"inLanguage\":\"hu\"},{\"@type\":\"Organization\",\"@id\":\"https:\/\/gridnet.hu\/#organization\",\"name\":\"GRID NET Zrt.\",\"url\":\"https:\/\/gridnet.hu\/\",\"logo\":{\"@type\":\"ImageObject\",\"inLanguage\":\"hu\",\"@id\":\"https:\/\/gridnet.hu\/#\/schema\/logo\/image\/\",\"url\":\"https:\/\/gridnet.hu\/wp-content\/uploads\/2023\/09\/gridnet_logo.png\",\"contentUrl\":\"https:\/\/gridnet.hu\/wp-content\/uploads\/2023\/09\/gridnet_logo.png\",\"width\":1768,\"height\":500,\"caption\":\"GRID NET Zrt.\"},\"image\":{\"@id\":\"https:\/\/gridnet.hu\/#\/schema\/logo\/image\/\"},\"sameAs\":[\"https:\/\/www.facebook.com\/profile.php?id=61551689613377\"]}]}<\/script>\n<!-- \/ Yoast SEO plugin. -->","yoast_head_json":{"title":"- GRID NET Zrt. - IT","description":"Informatikai szolg\u00e1ltat\u00e1sok \u00e9s h\u00e1l\u00f3zat\u00e9p\u00edt\u00e9s szak\u00e9rt\u0151kt\u0151l a Grid Net Zrt-n\u00e9l. Seg\u00edt\u00fcnk v\u00e1llalkoz\u00e1s\u00e1nak.","robots":{"index":"index","follow":"follow","max-snippet":"max-snippet:-1","max-image-preview":"max-image-preview:large","max-video-preview":"max-video-preview:-1"},"canonical":"https:\/\/gridnet.hu\/?page_id=159","og_locale":"hu_HU","og_type":"article","og_title":"- GRID NET Zrt. - IT","og_description":"Informatikai szolg\u00e1ltat\u00e1sok \u00e9s h\u00e1l\u00f3zat\u00e9p\u00edt\u00e9s szak\u00e9rt\u0151kt\u0151l a Grid Net Zrt-n\u00e9l. Seg\u00edt\u00fcnk v\u00e1llalkoz\u00e1s\u00e1nak.","og_url":"https:\/\/gridnet.hu\/?page_id=159","og_site_name":"GRID NET Zrt. - IT","article_publisher":"https:\/\/www.facebook.com\/profile.php?id=61551689613377","twitter_card":"summary_large_image","twitter_misc":{"Becs\u00fclt olvas\u00e1si id\u0151":"4 perc"},"schema":{"@context":"https:\/\/schema.org","@graph":[{"@type":"WebPage","@id":"https:\/\/gridnet.hu\/?page_id=159","url":"https:\/\/gridnet.hu\/?page_id=159","name":"- GRID NET Zrt. - IT","isPartOf":{"@id":"https:\/\/gridnet.hu\/#website"},"datePublished":"2024-02-06T07:16:00+00:00","dateModified":"2024-02-06T07:16:00+00:00","description":"Informatikai szolg\u00e1ltat\u00e1sok \u00e9s h\u00e1l\u00f3zat\u00e9p\u00edt\u00e9s szak\u00e9rt\u0151kt\u0151l a Grid Net Zrt-n\u00e9l. Seg\u00edt\u00fcnk v\u00e1llalkoz\u00e1s\u00e1nak.","inLanguage":"hu","potentialAction":[{"@type":"ReadAction","target":["https:\/\/gridnet.hu\/?page_id=159"]}]},{"@type":"WebSite","@id":"https:\/\/gridnet.hu\/#website","url":"https:\/\/gridnet.hu\/","name":"GRID NET Zrt. - IT","description":"GRID NET Zrt. Informatikai - Rendszergazdai szolg\u00e1ltat\u00e1sok!","publisher":{"@id":"https:\/\/gridnet.hu\/#organization"},"alternateName":"GRID NET Zrt.","potentialAction":[{"@type":"SearchAction","target":{"@type":"EntryPoint","urlTemplate":"https:\/\/gridnet.hu\/?s={search_term_string}"},"query-input":"required name=search_term_string"}],"inLanguage":"hu"},{"@type":"Organization","@id":"https:\/\/gridnet.hu\/#organization","name":"GRID NET Zrt.","url":"https:\/\/gridnet.hu\/","logo":{"@type":"ImageObject","inLanguage":"hu","@id":"https:\/\/gridnet.hu\/#\/schema\/logo\/image\/","url":"https:\/\/gridnet.hu\/wp-content\/uploads\/2023\/09\/gridnet_logo.png","contentUrl":"https:\/\/gridnet.hu\/wp-content\/uploads\/2023\/09\/gridnet_logo.png","width":1768,"height":500,"caption":"GRID NET Zrt."},"image":{"@id":"https:\/\/gridnet.hu\/#\/schema\/logo\/image\/"},"sameAs":["https:\/\/www.facebook.com\/profile.php?id=61551689613377"]}]}},"_links":{"self":[{"href":"https:\/\/gridnet.hu\/index.php?rest_route=\/wp\/v2\/pages\/159","targetHints":{"allow":["GET"]}}],"collection":[{"href":"https:\/\/gridnet.hu\/index.php?rest_route=\/wp\/v2\/pages"}],"about":[{"href":"https:\/\/gridnet.hu\/index.php?rest_route=\/wp\/v2\/types\/page"}],"author":[{"embeddable":true,"href":"https:\/\/gridnet.hu\/index.php?rest_route=\/wp\/v2\/users\/1"}],"replies":[{"embeddable":true,"href":"https:\/\/gridnet.hu\/index.php?rest_route=%2Fwp%2Fv2%2Fcomments&post=159"}],"version-history":[{"count":4,"href":"https:\/\/gridnet.hu\/index.php?rest_route=\/wp\/v2\/pages\/159\/revisions"}],"predecessor-version":[{"id":163,"href":"https:\/\/gridnet.hu\/index.php?rest_route=\/wp\/v2\/pages\/159\/revisions\/163"}],"wp:attachment":[{"href":"https:\/\/gridnet.hu\/index.php?rest_route=%2Fwp%2Fv2%2Fmedia&parent=159"}],"curies":[{"name":"wp","href":"https:\/\/api.w.org\/{rel}","templated":true}]}}