{"id":77,"date":"2023-09-22T09:20:29","date_gmt":"2023-09-22T07:20:29","guid":{"rendered":"https:\/\/gridnet.hu\/?page_id=77"},"modified":"2023-09-22T09:20:29","modified_gmt":"2023-09-22T07:20:29","slug":"biztonsagtechnaikai-rendszerek","status":"publish","type":"page","link":"https:\/\/gridnet.hu\/?page_id=77","title":{"rendered":"Biztons\u00e1gtechnaikai rendszerek"},"content":{"rendered":"<h1><span style=\"font-size: 20px; font-family: arial, helvetica, sans-serif; color: #000000;\">\ud83d\udd12 Biztons\u00e1g az Els\u0151: Professzion\u00e1lis Biztons\u00e1gi Rendszer Telep\u00edt\u00e9s \u00e9s Fel\u00fcgyelet\u00a0<\/span><\/h1>\n<p><span style=\"font-size: 20px; font-family: arial, helvetica, sans-serif; color: #000000;\">C\u00e9g\u00e9nek biztons\u00e1ga \u00e9s vagyon\u00e1nak v\u00e9delme az fontos k\u00f6vetelm\u00e9ny a zavartalan m\u0171k\u00f6d\u00e9s fenntart\u00e1s\u00e1hoz. A GRID NET Zrt. biztons\u00e1gtechnikai csapata rendszerek telep\u00edt\u00e9s\u00e9re \u00e9s fel\u00fcgyelet\u00e9re specializ\u00e1l\u00f3dott, a legkorszer\u0171bb technol\u00f3gi\u00e1kat haszn\u00e1ljuk a v\u00e9delem \u00e9rdek\u00e9ben. Telep\u00edt\u00fcnk, \u00fczemeltet\u00fcnk \u00e9s fel\u00fcgyel\u00fcnk bel\u00e9ptet\u0151 rendszereket, biztons\u00e1gtechnikai kamer\u00e1s megfigyel\u0151 rendszereket \u00e9s munkaid\u0151 nyilv\u00e1ntart\u00f3 rendszereket is.<\/span><\/p>\n<p><span style=\"font-size: 20px; font-family: arial, helvetica, sans-serif; color: #000000;\">\ud83d\udeaa Bel\u00e9ptet\u0151 Rendszerek: A pontosan meghat\u00e1rozott hozz\u00e1f\u00e9r\u00e9si jogosults\u00e1gok \u00e9s az automatiz\u00e1lt bel\u00e9ptet\u00e9s hat\u00e9konyabb\u00e1 teszi a c\u00e9g m\u0171k\u00f6d\u00e9s\u00e9t. A mi bel\u00e9ptet\u0151 rendszereinkkel teljes kontrollt gyakorolhat a ter\u00fcleti hozz\u00e1f\u00e9r\u00e9s felett, \u00e9s naprak\u00e9sz inform\u00e1ci\u00f3kkal rendelkezhet a bel\u00e9p\u0151kkel kapcsolatban.<\/span><\/p>\n<p><span style=\"font-size: 20px; font-family: arial, helvetica, sans-serif; color: #000000;\">\ud83d\udcf7 Biztons\u00e1gtechnikai Kamer\u00e1s Megfigyel\u0151 Rendszerek: A megel\u0151z\u00e9s \u00e9s a dokument\u00e1ci\u00f3 kulcsfontoss\u00e1g\u00fa a biztons\u00e1gban. Kamerarendszereink magas min\u0151s\u00e9g\u0171 felv\u00e9teleket k\u00e9sz\u00edtenek, amelyek seg\u00edtenek az incidensek megel\u0151z\u00e9s\u00e9ben \u00e9s a gyan\u00fas tev\u00e9kenys\u00e9gek dokument\u00e1l\u00e1s\u00e1ban.<\/span><\/p>\n<p><span style=\"font-size: 20px; font-family: arial, helvetica, sans-serif; color: #000000;\">\u23f0 Munkaid\u0151 Nyilv\u00e1ntart\u00f3 Rendszerek: Az alkalmazottak nyilv\u00e1ntart\u00e1sa \u00e9s a munkaid\u0151 pontos nyomon k\u00f6vet\u00e9se elengedhetetlen a hat\u00e9kony m\u0171k\u00f6d\u00e9shez. Munkaid\u0151 nyilv\u00e1ntart\u00f3 rendszereink automatiz\u00e1lj\u00e1k ezt a folyamatot, cs\u00f6kkentve a hibalehet\u0151s\u00e9geket \u00e9s az adminisztr\u00e1ci\u00f3s terheket.<\/span><\/p>\n<p><span style=\"font-size: 20px; font-family: arial, helvetica, sans-serif; color: #000000;\">\ud83d\udcde Professzion\u00e1lis Fel\u00fcgyelet: Szak\u00e9rt\u0151 csapatunk a nap 24 \u00f3r\u00e1j\u00e1ban figyeli \u00e9s fel\u00fcgyeli a biztons\u00e1gi rendszereket. Amennyiben probl\u00e9ma mer\u00fcl fel, gyorsan reag\u00e1lunk, hogy meg\u0151rizz\u00fck a biztons\u00e1g\u00e1t \u00e9s a nyugalm\u00e1t.<\/span><\/p>\n<p><span style=\"font-size: 20px; font-family: arial, helvetica, sans-serif; color: #000000;\">V\u00e9dje meg vagyon\u00e1t \u00e9s \u00e9rt\u00e9keit vel\u00fcnk!<\/span><\/p>\n","protected":false},"excerpt":{"rendered":"<p>\ud83d\udd12 Biztons\u00e1g az Els\u0151: Professzion\u00e1lis Biztons\u00e1gi Rendszer Telep\u00edt\u00e9s \u00e9s Fel\u00fcgyelet\u00a0 C\u00e9g\u00e9nek biztons\u00e1ga \u00e9s vagyon\u00e1nak v\u00e9delme az fontos k\u00f6vetelm\u00e9ny a zavartalan m\u0171k\u00f6d\u00e9s fenntart\u00e1s\u00e1hoz. A GRID NET Zrt. biztons\u00e1gtechnikai csapata rendszerek telep\u00edt\u00e9s\u00e9re \u00e9s fel\u00fcgyelet\u00e9re specializ\u00e1l\u00f3dott, a legkorszer\u0171bb technol\u00f3gi\u00e1kat haszn\u00e1ljuk a v\u00e9delem \u00e9rdek\u00e9ben. Telep\u00edt\u00fcnk, \u00fczemeltet\u00fcnk \u00e9s fel\u00fcgyel\u00fcnk bel\u00e9ptet\u0151 rendszereket, biztons\u00e1gtechnikai kamer\u00e1s megfigyel\u0151 rendszereket \u00e9s munkaid\u0151 nyilv\u00e1ntart\u00f3 rendszereket is. [&hellip;]<\/p>\n","protected":false},"author":1,"featured_media":0,"parent":0,"menu_order":0,"comment_status":"closed","ping_status":"closed","template":"page-templates\/page-full-width.php","meta":{"footnotes":""},"class_list":["post-77","page","type-page","status-publish","hentry"],"yoast_head":"<!-- This site is optimized with the Yoast SEO plugin v21.4 - https:\/\/yoast.com\/wordpress\/plugins\/seo\/ -->\n<title>Biztons\u00e1gtechnaikai rendszerek - GRID NET Zrt. - IT<\/title>\n<meta name=\"description\" content=\"Informatikai szolg\u00e1ltat\u00e1sok \u00e9s h\u00e1l\u00f3zat\u00e9p\u00edt\u00e9s szak\u00e9rt\u0151kt\u0151l a Grid Net Zrt-n\u00e9l. Seg\u00edt\u00fcnk v\u00e1llalkoz\u00e1s\u00e1nak.\" \/>\n<meta name=\"robots\" content=\"index, follow, max-snippet:-1, max-image-preview:large, max-video-preview:-1\" \/>\n<link rel=\"canonical\" href=\"https:\/\/gridnet.hu\/?page_id=77\" \/>\n<meta property=\"og:locale\" content=\"hu_HU\" \/>\n<meta property=\"og:type\" content=\"article\" \/>\n<meta property=\"og:title\" content=\"Biztons\u00e1gtechnaikai rendszerek - GRID NET Zrt. - IT\" \/>\n<meta property=\"og:description\" content=\"Informatikai szolg\u00e1ltat\u00e1sok \u00e9s h\u00e1l\u00f3zat\u00e9p\u00edt\u00e9s szak\u00e9rt\u0151kt\u0151l a Grid Net Zrt-n\u00e9l. Seg\u00edt\u00fcnk v\u00e1llalkoz\u00e1s\u00e1nak.\" \/>\n<meta property=\"og:url\" content=\"https:\/\/gridnet.hu\/?page_id=77\" \/>\n<meta property=\"og:site_name\" content=\"GRID NET Zrt. - IT\" \/>\n<meta property=\"article:publisher\" content=\"https:\/\/www.facebook.com\/profile.php?id=61551689613377\" \/>\n<meta name=\"twitter:card\" content=\"summary_large_image\" \/>\n<meta name=\"twitter:label1\" content=\"Becs\u00fclt olvas\u00e1si id\u0151\" \/>\n\t<meta name=\"twitter:data1\" content=\"2 perc\" \/>\n<script type=\"application\/ld+json\" class=\"yoast-schema-graph\">{\"@context\":\"https:\/\/schema.org\",\"@graph\":[{\"@type\":\"WebPage\",\"@id\":\"https:\/\/gridnet.hu\/?page_id=77\",\"url\":\"https:\/\/gridnet.hu\/?page_id=77\",\"name\":\"Biztons\u00e1gtechnaikai rendszerek - GRID NET Zrt. - IT\",\"isPartOf\":{\"@id\":\"https:\/\/gridnet.hu\/#website\"},\"datePublished\":\"2023-09-22T07:20:29+00:00\",\"dateModified\":\"2023-09-22T07:20:29+00:00\",\"description\":\"Informatikai szolg\u00e1ltat\u00e1sok \u00e9s h\u00e1l\u00f3zat\u00e9p\u00edt\u00e9s szak\u00e9rt\u0151kt\u0151l a Grid Net Zrt-n\u00e9l. Seg\u00edt\u00fcnk v\u00e1llalkoz\u00e1s\u00e1nak.\",\"breadcrumb\":{\"@id\":\"https:\/\/gridnet.hu\/?page_id=77#breadcrumb\"},\"inLanguage\":\"hu\",\"potentialAction\":[{\"@type\":\"ReadAction\",\"target\":[\"https:\/\/gridnet.hu\/?page_id=77\"]}]},{\"@type\":\"BreadcrumbList\",\"@id\":\"https:\/\/gridnet.hu\/?page_id=77#breadcrumb\",\"itemListElement\":[{\"@type\":\"ListItem\",\"position\":1,\"name\":\"Kezd\u0151lap\",\"item\":\"https:\/\/gridnet.hu\/\"},{\"@type\":\"ListItem\",\"position\":2,\"name\":\"Biztons\u00e1gtechnaikai rendszerek\"}]},{\"@type\":\"WebSite\",\"@id\":\"https:\/\/gridnet.hu\/#website\",\"url\":\"https:\/\/gridnet.hu\/\",\"name\":\"GRID NET Zrt. - IT\",\"description\":\"GRID NET Zrt. Informatikai - Rendszergazdai szolg\u00e1ltat\u00e1sok!\",\"publisher\":{\"@id\":\"https:\/\/gridnet.hu\/#organization\"},\"alternateName\":\"GRID NET Zrt.\",\"potentialAction\":[{\"@type\":\"SearchAction\",\"target\":{\"@type\":\"EntryPoint\",\"urlTemplate\":\"https:\/\/gridnet.hu\/?s={search_term_string}\"},\"query-input\":\"required name=search_term_string\"}],\"inLanguage\":\"hu\"},{\"@type\":\"Organization\",\"@id\":\"https:\/\/gridnet.hu\/#organization\",\"name\":\"GRID NET Zrt.\",\"url\":\"https:\/\/gridnet.hu\/\",\"logo\":{\"@type\":\"ImageObject\",\"inLanguage\":\"hu\",\"@id\":\"https:\/\/gridnet.hu\/#\/schema\/logo\/image\/\",\"url\":\"https:\/\/gridnet.hu\/wp-content\/uploads\/2023\/09\/gridnet_logo.png\",\"contentUrl\":\"https:\/\/gridnet.hu\/wp-content\/uploads\/2023\/09\/gridnet_logo.png\",\"width\":1768,\"height\":500,\"caption\":\"GRID NET Zrt.\"},\"image\":{\"@id\":\"https:\/\/gridnet.hu\/#\/schema\/logo\/image\/\"},\"sameAs\":[\"https:\/\/www.facebook.com\/profile.php?id=61551689613377\"]}]}<\/script>\n<!-- \/ Yoast SEO plugin. -->","yoast_head_json":{"title":"Biztons\u00e1gtechnaikai rendszerek - GRID NET Zrt. - IT","description":"Informatikai szolg\u00e1ltat\u00e1sok \u00e9s h\u00e1l\u00f3zat\u00e9p\u00edt\u00e9s szak\u00e9rt\u0151kt\u0151l a Grid Net Zrt-n\u00e9l. Seg\u00edt\u00fcnk v\u00e1llalkoz\u00e1s\u00e1nak.","robots":{"index":"index","follow":"follow","max-snippet":"max-snippet:-1","max-image-preview":"max-image-preview:large","max-video-preview":"max-video-preview:-1"},"canonical":"https:\/\/gridnet.hu\/?page_id=77","og_locale":"hu_HU","og_type":"article","og_title":"Biztons\u00e1gtechnaikai rendszerek - GRID NET Zrt. - IT","og_description":"Informatikai szolg\u00e1ltat\u00e1sok \u00e9s h\u00e1l\u00f3zat\u00e9p\u00edt\u00e9s szak\u00e9rt\u0151kt\u0151l a Grid Net Zrt-n\u00e9l. Seg\u00edt\u00fcnk v\u00e1llalkoz\u00e1s\u00e1nak.","og_url":"https:\/\/gridnet.hu\/?page_id=77","og_site_name":"GRID NET Zrt. - IT","article_publisher":"https:\/\/www.facebook.com\/profile.php?id=61551689613377","twitter_card":"summary_large_image","twitter_misc":{"Becs\u00fclt olvas\u00e1si id\u0151":"2 perc"},"schema":{"@context":"https:\/\/schema.org","@graph":[{"@type":"WebPage","@id":"https:\/\/gridnet.hu\/?page_id=77","url":"https:\/\/gridnet.hu\/?page_id=77","name":"Biztons\u00e1gtechnaikai rendszerek - GRID NET Zrt. - IT","isPartOf":{"@id":"https:\/\/gridnet.hu\/#website"},"datePublished":"2023-09-22T07:20:29+00:00","dateModified":"2023-09-22T07:20:29+00:00","description":"Informatikai szolg\u00e1ltat\u00e1sok \u00e9s h\u00e1l\u00f3zat\u00e9p\u00edt\u00e9s szak\u00e9rt\u0151kt\u0151l a Grid Net Zrt-n\u00e9l. Seg\u00edt\u00fcnk v\u00e1llalkoz\u00e1s\u00e1nak.","breadcrumb":{"@id":"https:\/\/gridnet.hu\/?page_id=77#breadcrumb"},"inLanguage":"hu","potentialAction":[{"@type":"ReadAction","target":["https:\/\/gridnet.hu\/?page_id=77"]}]},{"@type":"BreadcrumbList","@id":"https:\/\/gridnet.hu\/?page_id=77#breadcrumb","itemListElement":[{"@type":"ListItem","position":1,"name":"Kezd\u0151lap","item":"https:\/\/gridnet.hu\/"},{"@type":"ListItem","position":2,"name":"Biztons\u00e1gtechnaikai rendszerek"}]},{"@type":"WebSite","@id":"https:\/\/gridnet.hu\/#website","url":"https:\/\/gridnet.hu\/","name":"GRID NET Zrt. - IT","description":"GRID NET Zrt. Informatikai - Rendszergazdai szolg\u00e1ltat\u00e1sok!","publisher":{"@id":"https:\/\/gridnet.hu\/#organization"},"alternateName":"GRID NET Zrt.","potentialAction":[{"@type":"SearchAction","target":{"@type":"EntryPoint","urlTemplate":"https:\/\/gridnet.hu\/?s={search_term_string}"},"query-input":"required name=search_term_string"}],"inLanguage":"hu"},{"@type":"Organization","@id":"https:\/\/gridnet.hu\/#organization","name":"GRID NET Zrt.","url":"https:\/\/gridnet.hu\/","logo":{"@type":"ImageObject","inLanguage":"hu","@id":"https:\/\/gridnet.hu\/#\/schema\/logo\/image\/","url":"https:\/\/gridnet.hu\/wp-content\/uploads\/2023\/09\/gridnet_logo.png","contentUrl":"https:\/\/gridnet.hu\/wp-content\/uploads\/2023\/09\/gridnet_logo.png","width":1768,"height":500,"caption":"GRID NET Zrt."},"image":{"@id":"https:\/\/gridnet.hu\/#\/schema\/logo\/image\/"},"sameAs":["https:\/\/www.facebook.com\/profile.php?id=61551689613377"]}]}},"_links":{"self":[{"href":"https:\/\/gridnet.hu\/index.php?rest_route=\/wp\/v2\/pages\/77","targetHints":{"allow":["GET"]}}],"collection":[{"href":"https:\/\/gridnet.hu\/index.php?rest_route=\/wp\/v2\/pages"}],"about":[{"href":"https:\/\/gridnet.hu\/index.php?rest_route=\/wp\/v2\/types\/page"}],"author":[{"embeddable":true,"href":"https:\/\/gridnet.hu\/index.php?rest_route=\/wp\/v2\/users\/1"}],"replies":[{"embeddable":true,"href":"https:\/\/gridnet.hu\/index.php?rest_route=%2Fwp%2Fv2%2Fcomments&post=77"}],"version-history":[{"count":3,"href":"https:\/\/gridnet.hu\/index.php?rest_route=\/wp\/v2\/pages\/77\/revisions"}],"predecessor-version":[{"id":80,"href":"https:\/\/gridnet.hu\/index.php?rest_route=\/wp\/v2\/pages\/77\/revisions\/80"}],"wp:attachment":[{"href":"https:\/\/gridnet.hu\/index.php?rest_route=%2Fwp%2Fv2%2Fmedia&parent=77"}],"curies":[{"name":"wp","href":"https:\/\/api.w.org\/{rel}","templated":true}]}}