{"id":83,"date":"2023-09-22T09:45:59","date_gmt":"2023-09-22T07:45:59","guid":{"rendered":"https:\/\/gridnet.hu\/?page_id=83"},"modified":"2023-09-22T09:46:09","modified_gmt":"2023-09-22T07:46:09","slug":"it-koltsegek-optimalizalasa","status":"publish","type":"page","link":"https:\/\/gridnet.hu\/?page_id=83","title":{"rendered":"IT k\u00f6lts\u00e9gek optimaliz\u00e1l\u00e1sa"},"content":{"rendered":"<h1><span style=\"font-family: arial, helvetica, sans-serif; font-size: 24px; color: #000000;\">\ud83c\udf10 IT Technol\u00f3gi\u00e1k: Az Effektivit\u00e1s Motorja, a K\u00f6lts\u00e9gmegtakar\u00edt\u00e1s \u00c9rdek\u00e9ben! \ud83c\udf10<\/span><\/h1>\n<p><span style=\"font-family: arial, helvetica, sans-serif; font-size: 20px; color: #000000;\">\ud83d\ude80 K\u00e9pzelje el, hogy v\u00e1llalkoz\u00e1s\u00e1nak minden aspektusa z\u00f6kken\u0151mentesen m\u0171k\u00f6dik, \u00e9s minden nap hat\u00e9konyan \u00e9s produkt\u00edvan telik. Az IT technol\u00f3gi\u00e1k szakszer\u0171 haszn\u00e1lata n\u00e9lk\u00fcl\u00f6zhetetlen az ilyen eredm\u00e9nyek el\u00e9r\u00e9s\u00e9hez. GRID NET Zrt. olyan szak\u00e9rt\u0151kkel rendelkezik, akik seg\u00edtenek a legfejlettebb IT technol\u00f3gi\u00e1k haszn\u00e1lat\u00e1ban, ami hat\u00e9konyabb m\u0171k\u00f6d\u00e9st \u00e9s k\u00f6lts\u00e9gmegtakar\u00edt\u00e1st eredm\u00e9nyez.<\/span><\/p>\n<p><span style=\"font-family: arial, helvetica, sans-serif; font-size: 20px; color: #000000;\">\ud83d\udda5\ufe0f Modern Rendszerintegr\u00e1ci\u00f3: Az \u00f6sszetett \u00fczleti k\u00f6rnyezetben a k\u00fcl\u00f6nb\u00f6z\u0151 rendszereknek \u00e9s alkalmaz\u00e1soknak hat\u00e9konyan egy\u00fctt kell m\u0171k\u00f6dni\u00fck. Szak\u00e9rt\u0151ink seg\u00edtenek az integr\u00e1ci\u00f3ban, hogy optim\u00e1lisan kihaszn\u00e1lja az IT rendszer\u00e9t.<\/span><\/p>\n<p><span style=\"font-family: arial, helvetica, sans-serif; font-size: 20px; color: #000000;\">\ud83d\udcc8 Felh\u0151szolg\u00e1ltat\u00e1sok Kiakn\u00e1z\u00e1sa: A felh\u0151szolg\u00e1ltat\u00e1sok sz\u00e9les k\u00f6r\u0171 el\u0151ny\u00f6ket ny\u00fajtanak, bele\u00e9rtve a sk\u00e1l\u00e1zhat\u00f3s\u00e1got \u00e9s a k\u00f6lts\u00e9gmegtakar\u00edt\u00e1st. Seg\u00edt\u00fcnk a felh\u0151 szolg\u00e1ltat\u00e1sok megfelel\u0151 bevezet\u00e9s\u00e9ben \u00e9s haszn\u00e1lat\u00e1ban.<\/span><\/p>\n<p><span style=\"font-family: arial, helvetica, sans-serif; font-size: 20px; color: #000000;\">\ud83d\udee1\ufe0f Biztons\u00e1g \u00e9s Adatv\u00e9delem: Az adatbiztons\u00e1g \u00e9s a v\u00e9delem az els\u0151dleges fontoss\u00e1g\u00fa. Szolg\u00e1ltat\u00e1sainkkal megv\u00e9dj\u00fck az adatokat \u00e9s az infrastrukt\u00far\u00e1t a vesz\u00e9lyes fenyeget\u00e9sekt\u0151l.<\/span><\/p>\n<p><span style=\"font-family: arial, helvetica, sans-serif; font-size: 20px; color: #000000;\">\ud83d\udcca Adatanalitika \u00e9s Teljes\u00edtm\u00e9nyoptimaliz\u00e1l\u00e1s: Az adatok ereje kiakn\u00e1z\u00e1sa kulcsfontoss\u00e1g\u00fa a hat\u00e9kony m\u0171k\u00f6d\u00e9shez. Adatanalitikai szak\u00e9rt\u0151ink seg\u00edtenek adatai elemz\u00e9s\u00e9ben, hogy inform\u00e1lt d\u00f6nt\u00e9seket hozhasson \u00e9s optimaliz\u00e1lhassa a teljes\u00edtm\u00e9ny\u00e9t.<\/span><\/p>\n<p><span style=\"font-family: arial, helvetica, sans-serif; font-size: 20px; color: #000000;\">\ud83d\udcbc K\u00f6lts\u00e9gmegtakar\u00edt\u00e1s: Az IT technol\u00f3gi\u00e1k szakszer\u0171 haszn\u00e1lata sor\u00e1n nemcsak a hat\u00e9konys\u00e1g n\u00f6vekszik, hanem a k\u00f6lts\u00e9gek is cs\u00f6kkennek. Az energiahat\u00e9kony rendszerek \u00e9s a karbantart\u00e1s optimaliz\u00e1l\u00e1sa r\u00e9v\u00e9n a GRID NET Zrt. seg\u00edt megtakar\u00edtani a k\u00f6lts\u00e9geket, mik\u00f6zben n\u00f6veli a teljes\u00edtm\u00e9nyt.<\/span><\/p>\n<p><span style=\"font-family: arial, helvetica, sans-serif; font-size: 20px; color: #000000;\">Ne hagyja, hogy a technol\u00f3giai kih\u00edv\u00e1sok h\u00e1tr\u00e1ltass\u00e1k v\u00e1llalkoz\u00e1s\u00e1t! A GRID NET Zrt. IT technol\u00f3giai szak\u00e9rt\u0151k\u00e9nt a seg\u00edts\u00e9g\u00e9re van a hat\u00e9kony m\u0171k\u00f6d\u00e9s \u00e9s a k\u00f6lts\u00e9gmegtakar\u00edt\u00e1s ter\u00e9n.<\/span><\/p>\n","protected":false},"excerpt":{"rendered":"<p>\ud83c\udf10 IT Technol\u00f3gi\u00e1k: Az Effektivit\u00e1s Motorja, a K\u00f6lts\u00e9gmegtakar\u00edt\u00e1s \u00c9rdek\u00e9ben! \ud83c\udf10 \ud83d\ude80 K\u00e9pzelje el, hogy v\u00e1llalkoz\u00e1s\u00e1nak minden aspektusa z\u00f6kken\u0151mentesen m\u0171k\u00f6dik, \u00e9s minden nap hat\u00e9konyan \u00e9s produkt\u00edvan telik. Az IT technol\u00f3gi\u00e1k szakszer\u0171 haszn\u00e1lata n\u00e9lk\u00fcl\u00f6zhetetlen az ilyen eredm\u00e9nyek el\u00e9r\u00e9s\u00e9hez. GRID NET Zrt. olyan szak\u00e9rt\u0151kkel rendelkezik, akik seg\u00edtenek a legfejlettebb IT technol\u00f3gi\u00e1k haszn\u00e1lat\u00e1ban, ami hat\u00e9konyabb m\u0171k\u00f6d\u00e9st \u00e9s k\u00f6lts\u00e9gmegtakar\u00edt\u00e1st eredm\u00e9nyez. [&hellip;]<\/p>\n","protected":false},"author":1,"featured_media":0,"parent":0,"menu_order":0,"comment_status":"closed","ping_status":"closed","template":"page-templates\/page-full-width.php","meta":{"footnotes":""},"class_list":["post-83","page","type-page","status-publish","hentry"],"yoast_head":"<!-- This site is optimized with the Yoast SEO plugin v21.4 - https:\/\/yoast.com\/wordpress\/plugins\/seo\/ -->\n<title>IT k\u00f6lts\u00e9gek optimaliz\u00e1l\u00e1sa - GRID NET Zrt. - IT<\/title>\n<meta name=\"description\" content=\"Informatikai szolg\u00e1ltat\u00e1sok \u00e9s h\u00e1l\u00f3zat\u00e9p\u00edt\u00e9s szak\u00e9rt\u0151kt\u0151l a Grid Net Zrt-n\u00e9l. Seg\u00edt\u00fcnk v\u00e1llalkoz\u00e1s\u00e1nak.\" \/>\n<meta name=\"robots\" content=\"index, follow, max-snippet:-1, max-image-preview:large, max-video-preview:-1\" \/>\n<link rel=\"canonical\" href=\"https:\/\/gridnet.hu\/?page_id=83\" \/>\n<meta property=\"og:locale\" content=\"hu_HU\" \/>\n<meta property=\"og:type\" content=\"article\" \/>\n<meta property=\"og:title\" content=\"IT k\u00f6lts\u00e9gek optimaliz\u00e1l\u00e1sa - GRID NET Zrt. - IT\" \/>\n<meta property=\"og:description\" content=\"Informatikai szolg\u00e1ltat\u00e1sok \u00e9s h\u00e1l\u00f3zat\u00e9p\u00edt\u00e9s szak\u00e9rt\u0151kt\u0151l a Grid Net Zrt-n\u00e9l. Seg\u00edt\u00fcnk v\u00e1llalkoz\u00e1s\u00e1nak.\" \/>\n<meta property=\"og:url\" content=\"https:\/\/gridnet.hu\/?page_id=83\" \/>\n<meta property=\"og:site_name\" content=\"GRID NET Zrt. - IT\" \/>\n<meta property=\"article:publisher\" content=\"https:\/\/www.facebook.com\/profile.php?id=61551689613377\" \/>\n<meta property=\"article:modified_time\" content=\"2023-09-22T07:46:09+00:00\" \/>\n<meta name=\"twitter:card\" content=\"summary_large_image\" \/>\n<meta name=\"twitter:label1\" content=\"Becs\u00fclt olvas\u00e1si id\u0151\" \/>\n\t<meta name=\"twitter:data1\" content=\"2 perc\" \/>\n<script type=\"application\/ld+json\" class=\"yoast-schema-graph\">{\"@context\":\"https:\/\/schema.org\",\"@graph\":[{\"@type\":\"WebPage\",\"@id\":\"https:\/\/gridnet.hu\/?page_id=83\",\"url\":\"https:\/\/gridnet.hu\/?page_id=83\",\"name\":\"IT k\u00f6lts\u00e9gek optimaliz\u00e1l\u00e1sa - GRID NET Zrt. - IT\",\"isPartOf\":{\"@id\":\"https:\/\/gridnet.hu\/#website\"},\"datePublished\":\"2023-09-22T07:45:59+00:00\",\"dateModified\":\"2023-09-22T07:46:09+00:00\",\"description\":\"Informatikai szolg\u00e1ltat\u00e1sok \u00e9s h\u00e1l\u00f3zat\u00e9p\u00edt\u00e9s szak\u00e9rt\u0151kt\u0151l a Grid Net Zrt-n\u00e9l. Seg\u00edt\u00fcnk v\u00e1llalkoz\u00e1s\u00e1nak.\",\"breadcrumb\":{\"@id\":\"https:\/\/gridnet.hu\/?page_id=83#breadcrumb\"},\"inLanguage\":\"hu\",\"potentialAction\":[{\"@type\":\"ReadAction\",\"target\":[\"https:\/\/gridnet.hu\/?page_id=83\"]}]},{\"@type\":\"BreadcrumbList\",\"@id\":\"https:\/\/gridnet.hu\/?page_id=83#breadcrumb\",\"itemListElement\":[{\"@type\":\"ListItem\",\"position\":1,\"name\":\"Kezd\u0151lap\",\"item\":\"https:\/\/gridnet.hu\/\"},{\"@type\":\"ListItem\",\"position\":2,\"name\":\"IT k\u00f6lts\u00e9gek optimaliz\u00e1l\u00e1sa\"}]},{\"@type\":\"WebSite\",\"@id\":\"https:\/\/gridnet.hu\/#website\",\"url\":\"https:\/\/gridnet.hu\/\",\"name\":\"GRID NET Zrt. - IT\",\"description\":\"GRID NET Zrt. Informatikai - Rendszergazdai szolg\u00e1ltat\u00e1sok!\",\"publisher\":{\"@id\":\"https:\/\/gridnet.hu\/#organization\"},\"alternateName\":\"GRID NET Zrt.\",\"potentialAction\":[{\"@type\":\"SearchAction\",\"target\":{\"@type\":\"EntryPoint\",\"urlTemplate\":\"https:\/\/gridnet.hu\/?s={search_term_string}\"},\"query-input\":\"required name=search_term_string\"}],\"inLanguage\":\"hu\"},{\"@type\":\"Organization\",\"@id\":\"https:\/\/gridnet.hu\/#organization\",\"name\":\"GRID NET Zrt.\",\"url\":\"https:\/\/gridnet.hu\/\",\"logo\":{\"@type\":\"ImageObject\",\"inLanguage\":\"hu\",\"@id\":\"https:\/\/gridnet.hu\/#\/schema\/logo\/image\/\",\"url\":\"https:\/\/gridnet.hu\/wp-content\/uploads\/2023\/09\/gridnet_logo.png\",\"contentUrl\":\"https:\/\/gridnet.hu\/wp-content\/uploads\/2023\/09\/gridnet_logo.png\",\"width\":1768,\"height\":500,\"caption\":\"GRID NET Zrt.\"},\"image\":{\"@id\":\"https:\/\/gridnet.hu\/#\/schema\/logo\/image\/\"},\"sameAs\":[\"https:\/\/www.facebook.com\/profile.php?id=61551689613377\"]}]}<\/script>\n<!-- \/ Yoast SEO plugin. -->","yoast_head_json":{"title":"IT k\u00f6lts\u00e9gek optimaliz\u00e1l\u00e1sa - GRID NET Zrt. - IT","description":"Informatikai szolg\u00e1ltat\u00e1sok \u00e9s h\u00e1l\u00f3zat\u00e9p\u00edt\u00e9s szak\u00e9rt\u0151kt\u0151l a Grid Net Zrt-n\u00e9l. Seg\u00edt\u00fcnk v\u00e1llalkoz\u00e1s\u00e1nak.","robots":{"index":"index","follow":"follow","max-snippet":"max-snippet:-1","max-image-preview":"max-image-preview:large","max-video-preview":"max-video-preview:-1"},"canonical":"https:\/\/gridnet.hu\/?page_id=83","og_locale":"hu_HU","og_type":"article","og_title":"IT k\u00f6lts\u00e9gek optimaliz\u00e1l\u00e1sa - GRID NET Zrt. - IT","og_description":"Informatikai szolg\u00e1ltat\u00e1sok \u00e9s h\u00e1l\u00f3zat\u00e9p\u00edt\u00e9s szak\u00e9rt\u0151kt\u0151l a Grid Net Zrt-n\u00e9l. Seg\u00edt\u00fcnk v\u00e1llalkoz\u00e1s\u00e1nak.","og_url":"https:\/\/gridnet.hu\/?page_id=83","og_site_name":"GRID NET Zrt. - IT","article_publisher":"https:\/\/www.facebook.com\/profile.php?id=61551689613377","article_modified_time":"2023-09-22T07:46:09+00:00","twitter_card":"summary_large_image","twitter_misc":{"Becs\u00fclt olvas\u00e1si id\u0151":"2 perc"},"schema":{"@context":"https:\/\/schema.org","@graph":[{"@type":"WebPage","@id":"https:\/\/gridnet.hu\/?page_id=83","url":"https:\/\/gridnet.hu\/?page_id=83","name":"IT k\u00f6lts\u00e9gek optimaliz\u00e1l\u00e1sa - GRID NET Zrt. - IT","isPartOf":{"@id":"https:\/\/gridnet.hu\/#website"},"datePublished":"2023-09-22T07:45:59+00:00","dateModified":"2023-09-22T07:46:09+00:00","description":"Informatikai szolg\u00e1ltat\u00e1sok \u00e9s h\u00e1l\u00f3zat\u00e9p\u00edt\u00e9s szak\u00e9rt\u0151kt\u0151l a Grid Net Zrt-n\u00e9l. Seg\u00edt\u00fcnk v\u00e1llalkoz\u00e1s\u00e1nak.","breadcrumb":{"@id":"https:\/\/gridnet.hu\/?page_id=83#breadcrumb"},"inLanguage":"hu","potentialAction":[{"@type":"ReadAction","target":["https:\/\/gridnet.hu\/?page_id=83"]}]},{"@type":"BreadcrumbList","@id":"https:\/\/gridnet.hu\/?page_id=83#breadcrumb","itemListElement":[{"@type":"ListItem","position":1,"name":"Kezd\u0151lap","item":"https:\/\/gridnet.hu\/"},{"@type":"ListItem","position":2,"name":"IT k\u00f6lts\u00e9gek optimaliz\u00e1l\u00e1sa"}]},{"@type":"WebSite","@id":"https:\/\/gridnet.hu\/#website","url":"https:\/\/gridnet.hu\/","name":"GRID NET Zrt. - IT","description":"GRID NET Zrt. Informatikai - Rendszergazdai szolg\u00e1ltat\u00e1sok!","publisher":{"@id":"https:\/\/gridnet.hu\/#organization"},"alternateName":"GRID NET Zrt.","potentialAction":[{"@type":"SearchAction","target":{"@type":"EntryPoint","urlTemplate":"https:\/\/gridnet.hu\/?s={search_term_string}"},"query-input":"required name=search_term_string"}],"inLanguage":"hu"},{"@type":"Organization","@id":"https:\/\/gridnet.hu\/#organization","name":"GRID NET Zrt.","url":"https:\/\/gridnet.hu\/","logo":{"@type":"ImageObject","inLanguage":"hu","@id":"https:\/\/gridnet.hu\/#\/schema\/logo\/image\/","url":"https:\/\/gridnet.hu\/wp-content\/uploads\/2023\/09\/gridnet_logo.png","contentUrl":"https:\/\/gridnet.hu\/wp-content\/uploads\/2023\/09\/gridnet_logo.png","width":1768,"height":500,"caption":"GRID NET Zrt."},"image":{"@id":"https:\/\/gridnet.hu\/#\/schema\/logo\/image\/"},"sameAs":["https:\/\/www.facebook.com\/profile.php?id=61551689613377"]}]}},"_links":{"self":[{"href":"https:\/\/gridnet.hu\/index.php?rest_route=\/wp\/v2\/pages\/83","targetHints":{"allow":["GET"]}}],"collection":[{"href":"https:\/\/gridnet.hu\/index.php?rest_route=\/wp\/v2\/pages"}],"about":[{"href":"https:\/\/gridnet.hu\/index.php?rest_route=\/wp\/v2\/types\/page"}],"author":[{"embeddable":true,"href":"https:\/\/gridnet.hu\/index.php?rest_route=\/wp\/v2\/users\/1"}],"replies":[{"embeddable":true,"href":"https:\/\/gridnet.hu\/index.php?rest_route=%2Fwp%2Fv2%2Fcomments&post=83"}],"version-history":[{"count":1,"href":"https:\/\/gridnet.hu\/index.php?rest_route=\/wp\/v2\/pages\/83\/revisions"}],"predecessor-version":[{"id":84,"href":"https:\/\/gridnet.hu\/index.php?rest_route=\/wp\/v2\/pages\/83\/revisions\/84"}],"wp:attachment":[{"href":"https:\/\/gridnet.hu\/index.php?rest_route=%2Fwp%2Fv2%2Fmedia&parent=83"}],"curies":[{"name":"wp","href":"https:\/\/api.w.org\/{rel}","templated":true}]}}