{"id":85,"date":"2023-09-22T09:59:55","date_gmt":"2023-09-22T07:59:55","guid":{"rendered":"https:\/\/gridnet.hu\/?page_id=85"},"modified":"2023-09-22T09:59:55","modified_gmt":"2023-09-22T07:59:55","slug":"it-technologia-fejlesztesek","status":"publish","type":"page","link":"https:\/\/gridnet.hu\/?page_id=85","title":{"rendered":"IT Technol\u00f3gia fejleszt\u00e9sek"},"content":{"rendered":"<h1><span style=\"font-size: 24px; font-family: arial, helvetica, sans-serif;\">\ud83c\udf1f L\u00e9pjen a J\u00f6v\u0151be az IT Technol\u00f3gia fejleszt\u00e9sekkel! \ud83c\udf1f<\/span><\/h1>\n<p><span style=\"font-size: 20px; font-family: arial, helvetica, sans-serif;\">Az inform\u00e1ci\u00f3s technol\u00f3gia a modern \u00fczleti vil\u00e1gban kulcsszerepet j\u00e1tszik, a legkorszer\u0171bb technol\u00f3giai fejleszt\u00e9sek alkalmaz\u00e1sa lehet\u0151v\u00e9 teszi v\u00e1llalkoz\u00e1sa sz\u00e1m\u00e1ra, hogy az \u00e9len j\u00e1rjon. A GRID NET Zrt. szak\u00e9rt\u0151i seg\u00edtenek \u00d6nnek az IT technol\u00f3gia fejleszt\u00e9sek bevezet\u00e9s\u00e9ben, n\u00f6velj\u00fck c\u00e9ge m\u0171k\u00f6d\u00e9si hat\u00e9konys\u00e1g\u00e1t \u00e9s versenyk\u00e9pess\u00e9g\u00e9t.<\/span><\/p>\n<p><span style=\"font-size: 20px; font-family: arial, helvetica, sans-serif;\">\ud83d\ude80 Szak\u00e9rt\u0151i Tan\u00e1csad\u00e1s: Szak\u00e9rt\u0151ink az \u00d6n rendelkez\u00e9s\u00e9re \u00e1llnak, megvitatjuk \u00fczleti c\u00e9ljait \u00e9s tervez\u00e9si folyamatokat vezest\u00fcnk be, amely kihaszn\u00e1lja a leg\u00fajabb technol\u00f3giai lehet\u0151s\u00e9geket.<\/span><\/p>\n<p><span style=\"font-size: 20px; font-family: arial, helvetica, sans-serif;\">\ud83d\udce1 Infrastrukt\u00fara Fejleszt\u00e9se: Az informatikai infrastrukt\u00fara a v\u00e1llalkoz\u00e1s hajt\u00f3motorja. Seg\u00edt\u00fcnk a rendszerek optimaliz\u00e1l\u00e1s\u00e1ban \u00e9s a leg\u00fajabb hardver \u00e9s szoftver megold\u00e1sok bevezet\u00e9s\u00e9ben.<\/span><\/p>\n<p><span style=\"font-size: 20px; font-family: arial, helvetica, sans-serif;\">\ud83c\udf10 Felh\u0151szolg\u00e1ltat\u00e1sok Bevezet\u00e9se: A felh\u0151szolg\u00e1ltat\u00e1sok sk\u00e1l\u00e1zhat\u00f3s\u00e1got \u00e9s rugalmass\u00e1got k\u00edn\u00e1lnak. A mi seg\u00edts\u00e9g\u00fcnkkel k\u00f6nnyed\u00e9n bevezetheti \u00e9s haszn\u00e1lhatja ezeket a szolg\u00e1ltat\u00e1sokat.<\/span><\/p>\n<p><span style=\"font-size: 20px; font-family: arial, helvetica, sans-serif;\">\ud83c\udf10 Adatanalitika \u00e9s Big Data: Az adatok hatalma kulcsfontoss\u00e1g\u00fa a versenyk\u00e9pess\u00e9g fenntart\u00e1s\u00e1hoz. Seg\u00edt\u00fcnk az adatok elemz\u00e9s\u00e9ben \u00e9s az \u00fczleti d\u00f6nt\u00e9sek megalapoz\u00e1s\u00e1ban.<\/span><\/p>\n<p><span style=\"font-size: 20px; font-family: arial, helvetica, sans-serif;\">\ud83d\udee1\ufe0f Biztons\u00e1g \u00e9s V\u00e9delem: Az adatbiztons\u00e1g \u00e9s a v\u00e9delem nem lehet kompromisszumok t\u00e1rgya. Biztos\u00edtjuk, hogy rendszerei v\u00e9dettek legyenek a legmodernebb biztons\u00e1gi int\u00e9zked\u00e9sekkel.<\/span><\/p>\n<p><span style=\"font-size: 20px; font-family: arial, helvetica, sans-serif;\">Ne hagyja, hogy lemaradjon! A GRID NET Zrt. seg\u00edts\u00e9g\u00e9vel el\u00e9rheti a legkorszer\u0171bb IT technol\u00f3gia fejleszt\u00e9seket, amelyek lehet\u0151v\u00e9 teszik v\u00e1llalkoz\u00e1sa sz\u00e1m\u00e1ra, hogy az \u00e9lre t\u00f6rj\u00f6n.<\/span><\/p>\n","protected":false},"excerpt":{"rendered":"<p>\ud83c\udf1f L\u00e9pjen a J\u00f6v\u0151be az IT Technol\u00f3gia fejleszt\u00e9sekkel! \ud83c\udf1f Az inform\u00e1ci\u00f3s technol\u00f3gia a modern \u00fczleti vil\u00e1gban kulcsszerepet j\u00e1tszik, a legkorszer\u0171bb technol\u00f3giai fejleszt\u00e9sek alkalmaz\u00e1sa lehet\u0151v\u00e9 teszi v\u00e1llalkoz\u00e1sa sz\u00e1m\u00e1ra, hogy az \u00e9len j\u00e1rjon. A GRID NET Zrt. szak\u00e9rt\u0151i seg\u00edtenek \u00d6nnek az IT technol\u00f3gia fejleszt\u00e9sek bevezet\u00e9s\u00e9ben, n\u00f6velj\u00fck c\u00e9ge m\u0171k\u00f6d\u00e9si hat\u00e9konys\u00e1g\u00e1t \u00e9s versenyk\u00e9pess\u00e9g\u00e9t. \ud83d\ude80 Szak\u00e9rt\u0151i Tan\u00e1csad\u00e1s: Szak\u00e9rt\u0151ink az \u00d6n [&hellip;]<\/p>\n","protected":false},"author":1,"featured_media":0,"parent":0,"menu_order":0,"comment_status":"closed","ping_status":"closed","template":"page-templates\/page-full-width.php","meta":{"footnotes":""},"class_list":["post-85","page","type-page","status-publish","hentry"],"yoast_head":"<!-- This site is optimized with the Yoast SEO plugin v21.4 - https:\/\/yoast.com\/wordpress\/plugins\/seo\/ -->\n<title>IT Technol\u00f3gia fejleszt\u00e9sek - GRID NET Zrt. - IT<\/title>\n<meta name=\"description\" content=\"Informatikai szolg\u00e1ltat\u00e1sok \u00e9s h\u00e1l\u00f3zat\u00e9p\u00edt\u00e9s szak\u00e9rt\u0151kt\u0151l a Grid Net Zrt-n\u00e9l. Seg\u00edt\u00fcnk v\u00e1llalkoz\u00e1s\u00e1nak.\" \/>\n<meta name=\"robots\" content=\"index, follow, max-snippet:-1, max-image-preview:large, max-video-preview:-1\" \/>\n<link rel=\"canonical\" href=\"https:\/\/gridnet.hu\/?page_id=85\" \/>\n<meta property=\"og:locale\" content=\"hu_HU\" \/>\n<meta property=\"og:type\" content=\"article\" \/>\n<meta property=\"og:title\" content=\"IT Technol\u00f3gia fejleszt\u00e9sek - GRID NET Zrt. - IT\" \/>\n<meta property=\"og:description\" content=\"Informatikai szolg\u00e1ltat\u00e1sok \u00e9s h\u00e1l\u00f3zat\u00e9p\u00edt\u00e9s szak\u00e9rt\u0151kt\u0151l a Grid Net Zrt-n\u00e9l. Seg\u00edt\u00fcnk v\u00e1llalkoz\u00e1s\u00e1nak.\" \/>\n<meta property=\"og:url\" content=\"https:\/\/gridnet.hu\/?page_id=85\" \/>\n<meta property=\"og:site_name\" content=\"GRID NET Zrt. - IT\" \/>\n<meta property=\"article:publisher\" content=\"https:\/\/www.facebook.com\/profile.php?id=61551689613377\" \/>\n<meta name=\"twitter:card\" content=\"summary_large_image\" \/>\n<meta name=\"twitter:label1\" content=\"Becs\u00fclt olvas\u00e1si id\u0151\" \/>\n\t<meta name=\"twitter:data1\" content=\"2 perc\" \/>\n<script type=\"application\/ld+json\" class=\"yoast-schema-graph\">{\"@context\":\"https:\/\/schema.org\",\"@graph\":[{\"@type\":\"WebPage\",\"@id\":\"https:\/\/gridnet.hu\/?page_id=85\",\"url\":\"https:\/\/gridnet.hu\/?page_id=85\",\"name\":\"IT Technol\u00f3gia fejleszt\u00e9sek - GRID NET Zrt. - IT\",\"isPartOf\":{\"@id\":\"https:\/\/gridnet.hu\/#website\"},\"datePublished\":\"2023-09-22T07:59:55+00:00\",\"dateModified\":\"2023-09-22T07:59:55+00:00\",\"description\":\"Informatikai szolg\u00e1ltat\u00e1sok \u00e9s h\u00e1l\u00f3zat\u00e9p\u00edt\u00e9s szak\u00e9rt\u0151kt\u0151l a Grid Net Zrt-n\u00e9l. Seg\u00edt\u00fcnk v\u00e1llalkoz\u00e1s\u00e1nak.\",\"breadcrumb\":{\"@id\":\"https:\/\/gridnet.hu\/?page_id=85#breadcrumb\"},\"inLanguage\":\"hu\",\"potentialAction\":[{\"@type\":\"ReadAction\",\"target\":[\"https:\/\/gridnet.hu\/?page_id=85\"]}]},{\"@type\":\"BreadcrumbList\",\"@id\":\"https:\/\/gridnet.hu\/?page_id=85#breadcrumb\",\"itemListElement\":[{\"@type\":\"ListItem\",\"position\":1,\"name\":\"Kezd\u0151lap\",\"item\":\"https:\/\/gridnet.hu\/\"},{\"@type\":\"ListItem\",\"position\":2,\"name\":\"IT Technol\u00f3gia fejleszt\u00e9sek\"}]},{\"@type\":\"WebSite\",\"@id\":\"https:\/\/gridnet.hu\/#website\",\"url\":\"https:\/\/gridnet.hu\/\",\"name\":\"GRID NET Zrt. - IT\",\"description\":\"GRID NET Zrt. Informatikai - Rendszergazdai szolg\u00e1ltat\u00e1sok!\",\"publisher\":{\"@id\":\"https:\/\/gridnet.hu\/#organization\"},\"alternateName\":\"GRID NET Zrt.\",\"potentialAction\":[{\"@type\":\"SearchAction\",\"target\":{\"@type\":\"EntryPoint\",\"urlTemplate\":\"https:\/\/gridnet.hu\/?s={search_term_string}\"},\"query-input\":\"required name=search_term_string\"}],\"inLanguage\":\"hu\"},{\"@type\":\"Organization\",\"@id\":\"https:\/\/gridnet.hu\/#organization\",\"name\":\"GRID NET Zrt.\",\"url\":\"https:\/\/gridnet.hu\/\",\"logo\":{\"@type\":\"ImageObject\",\"inLanguage\":\"hu\",\"@id\":\"https:\/\/gridnet.hu\/#\/schema\/logo\/image\/\",\"url\":\"https:\/\/gridnet.hu\/wp-content\/uploads\/2023\/09\/gridnet_logo.png\",\"contentUrl\":\"https:\/\/gridnet.hu\/wp-content\/uploads\/2023\/09\/gridnet_logo.png\",\"width\":1768,\"height\":500,\"caption\":\"GRID NET Zrt.\"},\"image\":{\"@id\":\"https:\/\/gridnet.hu\/#\/schema\/logo\/image\/\"},\"sameAs\":[\"https:\/\/www.facebook.com\/profile.php?id=61551689613377\"]}]}<\/script>\n<!-- \/ Yoast SEO plugin. -->","yoast_head_json":{"title":"IT Technol\u00f3gia fejleszt\u00e9sek - GRID NET Zrt. - IT","description":"Informatikai szolg\u00e1ltat\u00e1sok \u00e9s h\u00e1l\u00f3zat\u00e9p\u00edt\u00e9s szak\u00e9rt\u0151kt\u0151l a Grid Net Zrt-n\u00e9l. Seg\u00edt\u00fcnk v\u00e1llalkoz\u00e1s\u00e1nak.","robots":{"index":"index","follow":"follow","max-snippet":"max-snippet:-1","max-image-preview":"max-image-preview:large","max-video-preview":"max-video-preview:-1"},"canonical":"https:\/\/gridnet.hu\/?page_id=85","og_locale":"hu_HU","og_type":"article","og_title":"IT Technol\u00f3gia fejleszt\u00e9sek - GRID NET Zrt. - IT","og_description":"Informatikai szolg\u00e1ltat\u00e1sok \u00e9s h\u00e1l\u00f3zat\u00e9p\u00edt\u00e9s szak\u00e9rt\u0151kt\u0151l a Grid Net Zrt-n\u00e9l. Seg\u00edt\u00fcnk v\u00e1llalkoz\u00e1s\u00e1nak.","og_url":"https:\/\/gridnet.hu\/?page_id=85","og_site_name":"GRID NET Zrt. - IT","article_publisher":"https:\/\/www.facebook.com\/profile.php?id=61551689613377","twitter_card":"summary_large_image","twitter_misc":{"Becs\u00fclt olvas\u00e1si id\u0151":"2 perc"},"schema":{"@context":"https:\/\/schema.org","@graph":[{"@type":"WebPage","@id":"https:\/\/gridnet.hu\/?page_id=85","url":"https:\/\/gridnet.hu\/?page_id=85","name":"IT Technol\u00f3gia fejleszt\u00e9sek - GRID NET Zrt. - IT","isPartOf":{"@id":"https:\/\/gridnet.hu\/#website"},"datePublished":"2023-09-22T07:59:55+00:00","dateModified":"2023-09-22T07:59:55+00:00","description":"Informatikai szolg\u00e1ltat\u00e1sok \u00e9s h\u00e1l\u00f3zat\u00e9p\u00edt\u00e9s szak\u00e9rt\u0151kt\u0151l a Grid Net Zrt-n\u00e9l. Seg\u00edt\u00fcnk v\u00e1llalkoz\u00e1s\u00e1nak.","breadcrumb":{"@id":"https:\/\/gridnet.hu\/?page_id=85#breadcrumb"},"inLanguage":"hu","potentialAction":[{"@type":"ReadAction","target":["https:\/\/gridnet.hu\/?page_id=85"]}]},{"@type":"BreadcrumbList","@id":"https:\/\/gridnet.hu\/?page_id=85#breadcrumb","itemListElement":[{"@type":"ListItem","position":1,"name":"Kezd\u0151lap","item":"https:\/\/gridnet.hu\/"},{"@type":"ListItem","position":2,"name":"IT Technol\u00f3gia fejleszt\u00e9sek"}]},{"@type":"WebSite","@id":"https:\/\/gridnet.hu\/#website","url":"https:\/\/gridnet.hu\/","name":"GRID NET Zrt. - IT","description":"GRID NET Zrt. Informatikai - Rendszergazdai szolg\u00e1ltat\u00e1sok!","publisher":{"@id":"https:\/\/gridnet.hu\/#organization"},"alternateName":"GRID NET Zrt.","potentialAction":[{"@type":"SearchAction","target":{"@type":"EntryPoint","urlTemplate":"https:\/\/gridnet.hu\/?s={search_term_string}"},"query-input":"required name=search_term_string"}],"inLanguage":"hu"},{"@type":"Organization","@id":"https:\/\/gridnet.hu\/#organization","name":"GRID NET Zrt.","url":"https:\/\/gridnet.hu\/","logo":{"@type":"ImageObject","inLanguage":"hu","@id":"https:\/\/gridnet.hu\/#\/schema\/logo\/image\/","url":"https:\/\/gridnet.hu\/wp-content\/uploads\/2023\/09\/gridnet_logo.png","contentUrl":"https:\/\/gridnet.hu\/wp-content\/uploads\/2023\/09\/gridnet_logo.png","width":1768,"height":500,"caption":"GRID NET Zrt."},"image":{"@id":"https:\/\/gridnet.hu\/#\/schema\/logo\/image\/"},"sameAs":["https:\/\/www.facebook.com\/profile.php?id=61551689613377"]}]}},"_links":{"self":[{"href":"https:\/\/gridnet.hu\/index.php?rest_route=\/wp\/v2\/pages\/85","targetHints":{"allow":["GET"]}}],"collection":[{"href":"https:\/\/gridnet.hu\/index.php?rest_route=\/wp\/v2\/pages"}],"about":[{"href":"https:\/\/gridnet.hu\/index.php?rest_route=\/wp\/v2\/types\/page"}],"author":[{"embeddable":true,"href":"https:\/\/gridnet.hu\/index.php?rest_route=\/wp\/v2\/users\/1"}],"replies":[{"embeddable":true,"href":"https:\/\/gridnet.hu\/index.php?rest_route=%2Fwp%2Fv2%2Fcomments&post=85"}],"version-history":[{"count":1,"href":"https:\/\/gridnet.hu\/index.php?rest_route=\/wp\/v2\/pages\/85\/revisions"}],"predecessor-version":[{"id":86,"href":"https:\/\/gridnet.hu\/index.php?rest_route=\/wp\/v2\/pages\/85\/revisions\/86"}],"wp:attachment":[{"href":"https:\/\/gridnet.hu\/index.php?rest_route=%2Fwp%2Fv2%2Fmedia&parent=85"}],"curies":[{"name":"wp","href":"https:\/\/api.w.org\/{rel}","templated":true}]}}